{"id":46,"date":"2011-12-27T19:19:38","date_gmt":"2011-12-27T18:19:38","guid":{"rendered":"http:\/\/laburrasierrita.com\/?page_id=46"},"modified":"2011-12-27T19:19:38","modified_gmt":"2011-12-27T18:19:38","slug":"burrolecturas","status":"publish","type":"page","link":"https:\/\/elarriero.es\/laburrasierrita\/burrolecturas\/","title":{"rendered":"Burro-lecturas"},"content":{"rendered":"<p>El saber no ocupa lugar, o eso dicen, as\u00ed que si quieres conocer m\u00e1s de nosotros los burros, asnos, jumentos&#8230;aqu\u00ed te dejo una serie de descargas para que te documentes en la asnolog\u00eda si est\u00e1s interesado. Mi arriero 2.0 est\u00e1 inmerso en estas lecturas&#8230;<\/p>\n<p><strong><a href=\"http:\/\/elarriero.es\/laburrasierrita\/wp-content\/uploads\/2011\/12\/Apolog\u00eda-del-asno.pdf\" target=\"_blank\">Apolog\u00eda del asno<\/a><a href=\"http:\/\/elarriero.es\/laburrasierrita\/wp-content\/uploads\/2011\/12\/burro-leyendo.jpg\" rel=\"prettyPhoto\"><img loading=\"lazy\" decoding=\"async\" class=\" wp-image-52 alignleft\" title=\"burro leyendo\" src=\"http:\/\/elarriero.es\/laburrasierrita\/wp-content\/uploads\/2011\/12\/burro-leyendo.jpg\" alt=\"\" width=\"131\" height=\"197\" \/><\/a><\/strong><\/p>\n<p style=\"text-align: left;\"><strong><a href=\"http:\/\/elarriero.es\/laburrasierrita\/wp-content\/uploads\/2011\/12\/De-asnos-y-rebuznos.pdf\" target=\"_blank\">De asnos y rebuznos<\/a><\/strong><\/p>\n<p style=\"text-align: left;\"><strong><a href=\"http:\/\/elarriero.es\/laburrasierrita\/wp-content\/uploads\/2011\/12\/El-asno-ilustrado.pdf\" target=\"_blank\">El asno ilustrado<\/a><\/strong><\/p>\n<p style=\"text-align: left;\"><strong><a href=\"http:\/\/elarriero.es\/laburrasierrita\/wp-content\/uploads\/2011\/12\/Etnograf\u00eda-del-burro.pdf\" target=\"_blank\">Etnograf\u00eda del burro<\/a><\/strong><\/p>\n<p style=\"text-align: left;\"><strong><a href=\"http:\/\/elarriero.es\/laburrasierrita\/wp-content\/uploads\/2011\/12\/Manual-Profesional-del-Burro.pdf\" target=\"_blank\">Manual Profesional del Burro<\/a><\/strong><\/p>\n<p style=\"text-align: left;\"><strong><a href=\"http:\/\/elarriero.es\/laburrasierrita\/wp-content\/uploads\/2011\/12\/Raza-Asnal-Andaluza.pdf\" target=\"_blank\">Raza Asnal Andaluza<\/a><\/strong><\/p>\n<p style=\"text-align: left;\"><strong><a href=\"http:\/\/elarriero.es\/laburrasierrita\/wp-content\/uploads\/2011\/12\/articulalberti.jpg\" target=\"_blank\">De Rafael Alberti<\/a><\/strong><\/p>\n<p style=\"text-align: left;\"><a href=\"http:\/\/elarriero.es\/laburrasierrita\/wp-content\/uploads\/2011\/12\/articulcela.jpg\" target=\"_blank\"><strong>De Camilo Jos\u00e9 Cela<\/strong><\/a><\/p>\n<p>&nbsp;<\/p>\n<p>Si tienes alguna recomendaci\u00f3n que hacerme, estar\u00e9 gustosa de publicarla, gracias.<\/p>\n","protected":false},"excerpt":{"rendered":"<p>El saber no ocupa lugar, o eso dicen, as\u00ed que si quieres conocer m\u00e1s de nosotros los burros, asnos, jumentos&#8230;aqu\u00ed te dejo una serie de descargas para que te documentes en la asnolog\u00eda si est\u00e1s interesado. Mi arriero 2.0 est\u00e1 inmerso en estas lecturas&#8230; Apolog\u00eda del asno De asnos y rebuznos El asno ilustrado Etnograf\u00eda &hellip; <a href=\"https:\/\/elarriero.es\/laburrasierrita\/burrolecturas\/\" class=\"more-link\">Seguir leyendo <span class=\"screen-reader-text\">Burro-lecturas<\/span> <span class=\"meta-nav\">&rarr;<\/span><\/a><\/p>\n","protected":false},"author":2,"featured_media":0,"parent":0,"menu_order":0,"comment_status":"open","ping_status":"open","template":"","meta":{"footnotes":""},"class_list":["post-46","page","type-page","status-publish","hentry"],"_links":{"self":[{"href":"https:\/\/elarriero.es\/laburrasierrita\/wp-json\/wp\/v2\/pages\/46","targetHints":{"allow":["GET"]}}],"collection":[{"href":"https:\/\/elarriero.es\/laburrasierrita\/wp-json\/wp\/v2\/pages"}],"about":[{"href":"https:\/\/elarriero.es\/laburrasierrita\/wp-json\/wp\/v2\/types\/page"}],"author":[{"embeddable":true,"href":"https:\/\/elarriero.es\/laburrasierrita\/wp-json\/wp\/v2\/users\/2"}],"replies":[{"embeddable":true,"href":"https:\/\/elarriero.es\/laburrasierrita\/wp-json\/wp\/v2\/comments?post=46"}],"version-history":[{"count":0,"href":"https:\/\/elarriero.es\/laburrasierrita\/wp-json\/wp\/v2\/pages\/46\/revisions"}],"wp:attachment":[{"href":"https:\/\/elarriero.es\/laburrasierrita\/wp-json\/wp\/v2\/media?parent=46"}],"curies":[{"name":"wp","href":"https:\/\/api.w.org\/{rel}","templated":true}]}}