{"id":1464,"date":"2009-03-30T23:01:04","date_gmt":"2009-03-30T21:01:04","guid":{"rendered":"http:\/\/campobasefm.wordpress.com\/?page_id=3"},"modified":"2021-06-30T14:02:28","modified_gmt":"2021-06-30T12:02:28","slug":"comentarios","status":"publish","type":"page","link":"https:\/\/elarriero.es\/campobasefm\/comentarios\/","title":{"rendered":"comentarios"},"content":{"rendered":"<p><strong><a href=\"http:\/\/campobasefm.com\/wp-content\/uploads\/2009\/03\/comentar.jpg\"><img loading=\"lazy\" decoding=\"async\" class=\"alignleft size-full wp-image-1925\" src=\"http:\/\/campobasefm.com\/wp-content\/uploads\/2009\/03\/comentar.jpg\" alt=\"\" width=\"100\" height=\"100\" srcset=\"https:\/\/elarriero.es\/campobasefm\/wp-content\/uploads\/2009\/03\/comentar.jpg 320w, https:\/\/elarriero.es\/campobasefm\/wp-content\/uploads\/2009\/03\/comentar-300x300.jpg 300w, https:\/\/elarriero.es\/campobasefm\/wp-content\/uploads\/2009\/03\/comentar-150x150.jpg 150w\" sizes=\"auto, (max-width: 100px) 100vw, 100px\" \/><\/a>Tu opini\u00f3n nos interesa<\/strong>. Si quieres dejarnos alg\u00fan comentario, sugerencia, propuesta, cr\u00edtica o lo que se te ocurra, aqu\u00ed tienes un espacio para ello.<\/p>\n<p>Baja hasta el \u00faltimo comentario y podr\u00e1s escribirnos&#8230;<\/p>\n","protected":false},"excerpt":{"rendered":"<p>Tu opini\u00f3n nos interesa. Si quieres dejarnos alg\u00fan comentario, sugerencia, propuesta, cr\u00edtica o lo que se te ocurra, aqu\u00ed tienes un espacio para ello. Baja hasta el \u00faltimo comentario y podr\u00e1s escribirnos&#8230;<\/p>\n","protected":false},"author":2,"featured_media":0,"parent":0,"menu_order":1,"comment_status":"open","ping_status":"open","template":"","meta":{"om_disable_all_campaigns":false,"_monsterinsights_skip_tracking":false,"_monsterinsights_sitenote_active":false,"_monsterinsights_sitenote_note":"","_monsterinsights_sitenote_category":0,"footnotes":""},"class_list":["post-1464","page","type-page","status-publish","hentry"],"aioseo_notices":[],"_links":{"self":[{"href":"https:\/\/elarriero.es\/campobasefm\/wp-json\/wp\/v2\/pages\/1464","targetHints":{"allow":["GET"]}}],"collection":[{"href":"https:\/\/elarriero.es\/campobasefm\/wp-json\/wp\/v2\/pages"}],"about":[{"href":"https:\/\/elarriero.es\/campobasefm\/wp-json\/wp\/v2\/types\/page"}],"author":[{"embeddable":true,"href":"https:\/\/elarriero.es\/campobasefm\/wp-json\/wp\/v2\/users\/2"}],"replies":[{"embeddable":true,"href":"https:\/\/elarriero.es\/campobasefm\/wp-json\/wp\/v2\/comments?post=1464"}],"version-history":[{"count":1,"href":"https:\/\/elarriero.es\/campobasefm\/wp-json\/wp\/v2\/pages\/1464\/revisions"}],"predecessor-version":[{"id":2759,"href":"https:\/\/elarriero.es\/campobasefm\/wp-json\/wp\/v2\/pages\/1464\/revisions\/2759"}],"wp:attachment":[{"href":"https:\/\/elarriero.es\/campobasefm\/wp-json\/wp\/v2\/media?parent=1464"}],"curies":[{"name":"wp","href":"https:\/\/api.w.org\/{rel}","templated":true}]}}